{"id":2,"date":"2025-02-12T11:56:41","date_gmt":"2025-02-12T11:56:41","guid":{"rendered":"https:\/\/ecsverissimo.com\/?page_id=2"},"modified":"2025-08-11T21:05:08","modified_gmt":"2025-08-11T21:05:08","slug":"pagina-inicial","status":"publish","type":"page","link":"https:\/\/ecsverissimo.com\/","title":{"rendered":"P\u00e1gina Inicial"},"content":{"rendered":"\t\t<div data-elementor-type=\"wp-page\" data-elementor-id=\"2\" class=\"elementor elementor-2\" data-elementor-settings=\"{&quot;ha_cmc_init_switcher&quot;:&quot;no&quot;}\">\n\t\t\t\t<div class=\"elementor-element elementor-element-b0daa9d e-con-full e-flex wpr-particle-no wpr-jarallax-no wpr-parallax-no wpr-sticky-section-no wpr-equal-height-no e-con e-parent\" data-id=\"b0daa9d\" data-element_type=\"container\" data-e-type=\"container\" data-settings=\"{&quot;background_background&quot;:&quot;classic&quot;,&quot;_ha_eqh_enable&quot;:false}\">\n\t\t\t\t<div class=\"elementor-element elementor-element-0898f15 elementor-pagination-position-inside elementor-arrows-position-inside elementor-widget elementor-widget-image-carousel\" data-id=\"0898f15\" data-element_type=\"widget\" data-e-type=\"widget\" data-settings=\"{&quot;slides_to_show&quot;:&quot;1&quot;,&quot;autoplay_speed&quot;:4000,&quot;navigation&quot;:&quot;both&quot;,&quot;autoplay&quot;:&quot;yes&quot;,&quot;infinite&quot;:&quot;yes&quot;,&quot;effect&quot;:&quot;slide&quot;,&quot;speed&quot;:500}\" data-widget_type=\"image-carousel.default\">\n\t\t\t\t<div class=\"elementor-widget-container\">\n\t\t\t\t\t\t\t<div class=\"elementor-image-carousel-wrapper swiper\" role=\"region\" aria-roledescription=\"carousel\" aria-label=\"Carrossel de imagens\" dir=\"ltr\">\n\t\t\t<div class=\"elementor-image-carousel swiper-wrapper swiper-image-stretch\" aria-live=\"off\">\n\t\t\t\t\t\t\t\t<div class=\"swiper-slide\" role=\"group\" aria-roledescription=\"slide\" aria-label=\"1 of 7\"><figure class=\"swiper-slide-inner\"><img decoding=\"async\" class=\"swiper-slide-image\" src=\"https:\/\/ecsverissimo.com\/wp-content\/uploads\/2025\/03\/IMG_3060-1.webp\" alt=\"IMG_3060\" \/><\/figure><\/div><div class=\"swiper-slide\" role=\"group\" aria-roledescription=\"slide\" aria-label=\"2 of 7\"><figure class=\"swiper-slide-inner\"><img decoding=\"async\" class=\"swiper-slide-image\" src=\"https:\/\/ecsverissimo.com\/wp-content\/uploads\/2025\/08\/IMG_3055.webp\" alt=\"IMG_3055\" \/><\/figure><\/div><div class=\"swiper-slide\" role=\"group\" aria-roledescription=\"slide\" aria-label=\"3 of 7\"><figure class=\"swiper-slide-inner\"><img decoding=\"async\" class=\"swiper-slide-image\" src=\"https:\/\/ecsverissimo.com\/wp-content\/uploads\/2025\/03\/IMG_3062-1.webp\" alt=\"IMG_3062\" \/><\/figure><\/div><div class=\"swiper-slide\" role=\"group\" aria-roledescription=\"slide\" aria-label=\"4 of 7\"><figure class=\"swiper-slide-inner\"><img decoding=\"async\" class=\"swiper-slide-image\" src=\"https:\/\/ecsverissimo.com\/wp-content\/uploads\/2025\/08\/aulasteoricas.webp\" alt=\"aulasteoricas\" \/><\/figure><\/div><div class=\"swiper-slide\" role=\"group\" aria-roledescription=\"slide\" aria-label=\"5 of 7\"><figure class=\"swiper-slide-inner\"><img decoding=\"async\" class=\"swiper-slide-image\" src=\"https:\/\/ecsverissimo.com\/wp-content\/uploads\/2025\/08\/testesdigitais-e1754846536621.webp\" alt=\"testesdigitais\" \/><\/figure><\/div><div class=\"swiper-slide\" role=\"group\" aria-roledescription=\"slide\" aria-label=\"6 of 7\"><figure class=\"swiper-slide-inner\"><img decoding=\"async\" class=\"swiper-slide-image\" src=\"https:\/\/ecsverissimo.com\/wp-content\/uploads\/2025\/08\/aulaspraticas.webp\" alt=\"aulaspraticas\" \/><\/figure><\/div><div class=\"swiper-slide\" role=\"group\" aria-roledescription=\"slide\" aria-label=\"7 of 7\"><figure class=\"swiper-slide-inner\"><img decoding=\"async\" class=\"swiper-slide-image\" src=\"https:\/\/ecsverissimo.com\/wp-content\/uploads\/2025\/03\/IMG_3068-1.webp\" alt=\"IMG_3068\" \/><\/figure><\/div>\t\t\t<\/div>\n\t\t\t\t\t\t\t\t\t\t\t\t<div class=\"elementor-swiper-button elementor-swiper-button-prev\" role=\"button\" tabindex=\"0\">\n\t\t\t\t\t\t<svg aria-hidden=\"true\" class=\"e-font-icon-svg e-eicon-chevron-left\" viewBox=\"0 0 1000 1000\" xmlns=\"http:\/\/www.w3.org\/2000\/svg\"><path d=\"M646 125C629 125 613 133 604 142L308 442C296 454 292 471 292 487 292 504 296 521 308 533L604 854C617 867 629 875 646 875 663 875 679 871 692 858 704 846 713 829 713 812 713 796 708 779 692 767L438 487 692 225C700 217 708 204 708 187 708 171 704 154 692 142 675 129 663 125 646 125Z\"><\/path><\/svg>\t\t\t\t\t<\/div>\n\t\t\t\t\t<div class=\"elementor-swiper-button elementor-swiper-button-next\" role=\"button\" tabindex=\"0\">\n\t\t\t\t\t\t<svg aria-hidden=\"true\" class=\"e-font-icon-svg e-eicon-chevron-right\" viewBox=\"0 0 1000 1000\" xmlns=\"http:\/\/www.w3.org\/2000\/svg\"><path d=\"M696 533C708 521 713 504 713 487 713 471 708 454 696 446L400 146C388 133 375 125 354 125 338 125 325 129 313 142 300 154 292 171 292 187 292 204 296 221 308 233L563 492 304 771C292 783 288 800 288 817 288 833 296 850 308 863 321 871 338 875 354 875 371 875 388 867 400 854L696 533Z\"><\/path><\/svg>\t\t\t\t\t<\/div>\n\t\t\t\t\n\t\t\t\t\t\t\t\t\t<div class=\"swiper-pagination\"><\/div>\n\t\t\t\t\t\t\t\t\t<\/div>\n\t\t\t\t\t\t<\/div>\n\t\t\t\t<\/div>\n\t\t\t\t<\/div>\n\t\t<div class=\"elementor-element elementor-element-48c9aae e-con-full animated-fast e-flex wpr-particle-no wpr-jarallax-no wpr-parallax-no wpr-sticky-section-no wpr-equal-height-no e-con e-parent\" data-id=\"48c9aae\" data-element_type=\"container\" data-e-type=\"container\" data-settings=\"{&quot;background_background&quot;:&quot;classic&quot;,&quot;animation&quot;:&quot;none&quot;,&quot;_ha_eqh_enable&quot;:false}\">\n\t\t\t\t<div class=\"elementor-element elementor-element-4c2c947 elementor-widget__width-initial ha-has-bg-overlay elementor-widget elementor-widget-text-editor\" data-id=\"4c2c947\" data-element_type=\"widget\" data-e-type=\"widget\" data-widget_type=\"text-editor.default\">\n\t\t\t\t<div class=\"elementor-widget-container\">\n\t\t\t\t\t\t\t\t\t<p style=\"text-align: left;\"><strong>Sobre n\u00f3s:<\/strong><\/p><p style=\"text-align: left;\"><strong>\u00a0 \u00a0 A Escola de Condu\u00e7\u00e3o S\u00e3o Ver\u00edssimo ganhou ao longo destes anos a confian\u00e7a dos condutores, tornando-se, por isso, uma das mais conhecidas e prestigiadas Escolas de Condu\u00e7\u00e3o do distrito.<\/strong><\/p><p style=\"text-align: left;\"><strong>\u00a0 \u00a0 Dispomos de um espa\u00e7o \u00fanico e inovador onde o cliente consegue obter habilita\u00e7\u00e3o legal para conduzir, frequentar forma\u00e7\u00e3o que a legisla\u00e7\u00e3o obriga enquanto condutor profissional e outros, revalidar cartas de condu\u00e7\u00e3o, fazer o registo de propriedade de ve\u00edculos, entre outros servi\u00e7os.<\/strong><\/p>\t\t\t\t\t\t\t\t<\/div>\n\t\t\t\t<\/div>\n\t\t\t\t<div class=\"elementor-element elementor-element-f179874 elementor-align-center elementor-widget elementor-widget-button\" data-id=\"f179874\" data-element_type=\"widget\" data-e-type=\"widget\" data-widget_type=\"button.default\">\n\t\t\t\t<div class=\"elementor-widget-container\">\n\t\t\t\t\t\t\t\t\t<div class=\"elementor-button-wrapper\">\n\t\t\t\t\t<a class=\"elementor-button elementor-button-link elementor-size-sm\" href=\"https:\/\/ecsverissimo.com\/index.php\/sobre-nos\/\">\n\t\t\t\t\t\t<span class=\"elementor-button-content-wrapper\">\n\t\t\t\t\t\t\t\t\t<span class=\"elementor-button-text\">SABER MAIS<\/span>\n\t\t\t\t\t<\/span>\n\t\t\t\t\t<\/a>\n\t\t\t\t<\/div>\n\t\t\t\t\t\t\t\t<\/div>\n\t\t\t\t<\/div>\n\t\t<div class=\"elementor-element elementor-element-878f1e4 e-grid e-con-full wpr-particle-no wpr-jarallax-no wpr-parallax-no wpr-sticky-section-no wpr-equal-height-no e-con e-child\" data-id=\"878f1e4\" data-element_type=\"container\" data-e-type=\"container\" data-settings=\"{&quot;_ha_eqh_enable&quot;:false}\">\n\t\t\t\t<div class=\"elementor-element elementor-element-f89859e elementor-position-top elementor-widget elementor-widget-image-box\" data-id=\"f89859e\" data-element_type=\"widget\" data-e-type=\"widget\" data-widget_type=\"image-box.default\">\n\t\t\t\t<div class=\"elementor-widget-container\">\n\t\t\t\t\t<div class=\"elementor-image-box-wrapper\"><figure class=\"elementor-image-box-img\"><a href=\"https:\/\/ecsverissimo.com\/index.php\/motociclos\" tabindex=\"-1\"><img fetchpriority=\"high\" decoding=\"async\" width=\"1920\" height=\"1080\" src=\"https:\/\/ecsverissimo.com\/wp-content\/uploads\/2025\/03\/IMG_3047-1.webp\" class=\"attachment-full size-full wp-image-649\" alt=\"\" srcset=\"https:\/\/ecsverissimo.com\/wp-content\/uploads\/2025\/03\/IMG_3047-1.webp 1920w, https:\/\/ecsverissimo.com\/wp-content\/uploads\/2025\/03\/IMG_3047-1-300x169.webp 300w, https:\/\/ecsverissimo.com\/wp-content\/uploads\/2025\/03\/IMG_3047-1-1024x576.webp 1024w, https:\/\/ecsverissimo.com\/wp-content\/uploads\/2025\/03\/IMG_3047-1-768x432.webp 768w, https:\/\/ecsverissimo.com\/wp-content\/uploads\/2025\/03\/IMG_3047-1-1536x864.webp 1536w\" sizes=\"(max-width: 1920px) 100vw, 1920px\" \/><\/a><\/figure><div class=\"elementor-image-box-content\"><h3 class=\"elementor-image-box-title\"><a href=\"https:\/\/ecsverissimo.com\/index.php\/motociclos\">Categoria A1<\/a><\/h3><\/div><\/div>\t\t\t\t<\/div>\n\t\t\t\t<\/div>\n\t\t\t\t<div class=\"elementor-element elementor-element-d1fd39b elementor-position-top elementor-widget elementor-widget-image-box\" data-id=\"d1fd39b\" data-element_type=\"widget\" data-e-type=\"widget\" data-widget_type=\"image-box.default\">\n\t\t\t\t<div class=\"elementor-widget-container\">\n\t\t\t\t\t<div class=\"elementor-image-box-wrapper\"><figure class=\"elementor-image-box-img\"><a href=\"https:\/\/ecsverissimo.com\/index.php\/motociclos\/#cat_a2\" tabindex=\"-1\"><img decoding=\"async\" width=\"1920\" height=\"1080\" src=\"https:\/\/ecsverissimo.com\/wp-content\/uploads\/2025\/03\/IMG_3038-1.webp\" class=\"attachment-full size-full wp-image-646\" alt=\"\" srcset=\"https:\/\/ecsverissimo.com\/wp-content\/uploads\/2025\/03\/IMG_3038-1.webp 1920w, https:\/\/ecsverissimo.com\/wp-content\/uploads\/2025\/03\/IMG_3038-1-300x169.webp 300w, https:\/\/ecsverissimo.com\/wp-content\/uploads\/2025\/03\/IMG_3038-1-1024x576.webp 1024w, https:\/\/ecsverissimo.com\/wp-content\/uploads\/2025\/03\/IMG_3038-1-768x432.webp 768w, https:\/\/ecsverissimo.com\/wp-content\/uploads\/2025\/03\/IMG_3038-1-1536x864.webp 1536w\" sizes=\"(max-width: 1920px) 100vw, 1920px\" \/><\/a><\/figure><div class=\"elementor-image-box-content\"><h3 class=\"elementor-image-box-title\"><a href=\"https:\/\/ecsverissimo.com\/index.php\/motociclos\/#cat_a2\">Categoria A2<\/a><\/h3><\/div><\/div>\t\t\t\t<\/div>\n\t\t\t\t<\/div>\n\t\t\t\t<div class=\"elementor-element elementor-element-5ccd58c elementor-position-top elementor-widget elementor-widget-image-box\" data-id=\"5ccd58c\" data-element_type=\"widget\" data-e-type=\"widget\" data-widget_type=\"image-box.default\">\n\t\t\t\t<div class=\"elementor-widget-container\">\n\t\t\t\t\t<div class=\"elementor-image-box-wrapper\"><figure class=\"elementor-image-box-img\"><a href=\"https:\/\/ecsverissimo.com\/index.php\/motociclos\/#cat_a\" tabindex=\"-1\"><img decoding=\"async\" width=\"1920\" height=\"1080\" src=\"https:\/\/ecsverissimo.com\/wp-content\/uploads\/2025\/03\/IMG_3040-1.webp\" class=\"attachment-full size-full wp-image-648\" alt=\"\" srcset=\"https:\/\/ecsverissimo.com\/wp-content\/uploads\/2025\/03\/IMG_3040-1.webp 1920w, https:\/\/ecsverissimo.com\/wp-content\/uploads\/2025\/03\/IMG_3040-1-300x169.webp 300w, https:\/\/ecsverissimo.com\/wp-content\/uploads\/2025\/03\/IMG_3040-1-1024x576.webp 1024w, https:\/\/ecsverissimo.com\/wp-content\/uploads\/2025\/03\/IMG_3040-1-768x432.webp 768w, https:\/\/ecsverissimo.com\/wp-content\/uploads\/2025\/03\/IMG_3040-1-1536x864.webp 1536w\" sizes=\"(max-width: 1920px) 100vw, 1920px\" \/><\/a><\/figure><div class=\"elementor-image-box-content\"><h3 class=\"elementor-image-box-title\"><a href=\"https:\/\/ecsverissimo.com\/index.php\/motociclos\/#cat_a\">Categoria A<\/a><\/h3><\/div><\/div>\t\t\t\t<\/div>\n\t\t\t\t<\/div>\n\t\t\t\t<div class=\"elementor-element elementor-element-1146050 elementor-position-top elementor-widget elementor-widget-image-box\" data-id=\"1146050\" data-element_type=\"widget\" data-e-type=\"widget\" data-widget_type=\"image-box.default\">\n\t\t\t\t<div class=\"elementor-widget-container\">\n\t\t\t\t\t<div class=\"elementor-image-box-wrapper\"><figure class=\"elementor-image-box-img\"><a href=\"https:\/\/ecsverissimo.com\/index.php\/veiculos-ligeiros\/\" tabindex=\"-1\"><img loading=\"lazy\" decoding=\"async\" width=\"1920\" height=\"1080\" src=\"https:\/\/ecsverissimo.com\/wp-content\/uploads\/2025\/03\/IMG_3051-1.webp\" class=\"attachment-full size-full wp-image-652\" alt=\"\" srcset=\"https:\/\/ecsverissimo.com\/wp-content\/uploads\/2025\/03\/IMG_3051-1.webp 1920w, https:\/\/ecsverissimo.com\/wp-content\/uploads\/2025\/03\/IMG_3051-1-300x169.webp 300w, https:\/\/ecsverissimo.com\/wp-content\/uploads\/2025\/03\/IMG_3051-1-1024x576.webp 1024w, https:\/\/ecsverissimo.com\/wp-content\/uploads\/2025\/03\/IMG_3051-1-768x432.webp 768w, https:\/\/ecsverissimo.com\/wp-content\/uploads\/2025\/03\/IMG_3051-1-1536x864.webp 1536w\" sizes=\"(max-width: 1920px) 100vw, 1920px\" \/><\/a><\/figure><div class=\"elementor-image-box-content\"><h3 class=\"elementor-image-box-title\"><a href=\"https:\/\/ecsverissimo.com\/index.php\/veiculos-ligeiros\/\">Categoria B<\/a><\/h3><\/div><\/div>\t\t\t\t<\/div>\n\t\t\t\t<\/div>\n\t\t\t\t<\/div>\n\t\t\t\t<\/div>\n\t\t\t\t<\/div>\n\t\t","protected":false},"excerpt":{"rendered":"<p>Sobre n\u00f3s: \u00a0 \u00a0 A Escola de Condu\u00e7\u00e3o S\u00e3o Ver\u00edssimo ganhou ao longo destes anos a confian\u00e7a dos condutores, tornando-se, por isso, uma das mais conhecidas e prestigiadas Escolas de Condu\u00e7\u00e3o do distrito. \u00a0 \u00a0 Dispomos de um espa\u00e7o \u00fanico e inovador onde o cliente consegue obter habilita\u00e7\u00e3o legal para conduzir, frequentar forma\u00e7\u00e3o que a legisla\u00e7\u00e3o obriga enquanto condutor profissional e outros, revalidar cartas de condu\u00e7\u00e3o, fazer o registo de propriedade de ve\u00edculos, entre outros servi\u00e7os. SABER MAIS Categoria A1 Categoria A2 Categoria A Categoria B<\/p>\n","protected":false},"author":1,"featured_media":0,"parent":0,"menu_order":0,"comment_status":"closed","ping_status":"closed","template":"elementor_header_footer","meta":{"neve_meta_sidebar":"","neve_meta_container":"","neve_meta_enable_content_width":"","neve_meta_content_width":0,"neve_meta_title_alignment":"","neve_meta_author_avatar":"","neve_post_elements_order":"","neve_meta_disable_header":"","neve_meta_disable_footer":"","neve_meta_disable_title":"","footnotes":""},"class_list":["post-2","page","type-page","status-publish","hentry"],"_links":{"self":[{"href":"https:\/\/ecsverissimo.com\/index.php\/wp-json\/wp\/v2\/pages\/2","targetHints":{"allow":["GET"]}}],"collection":[{"href":"https:\/\/ecsverissimo.com\/index.php\/wp-json\/wp\/v2\/pages"}],"about":[{"href":"https:\/\/ecsverissimo.com\/index.php\/wp-json\/wp\/v2\/types\/page"}],"author":[{"embeddable":true,"href":"https:\/\/ecsverissimo.com\/index.php\/wp-json\/wp\/v2\/users\/1"}],"replies":[{"embeddable":true,"href":"https:\/\/ecsverissimo.com\/index.php\/wp-json\/wp\/v2\/comments?post=2"}],"version-history":[{"count":42,"href":"https:\/\/ecsverissimo.com\/index.php\/wp-json\/wp\/v2\/pages\/2\/revisions"}],"predecessor-version":[{"id":1538,"href":"https:\/\/ecsverissimo.com\/index.php\/wp-json\/wp\/v2\/pages\/2\/revisions\/1538"}],"wp:attachment":[{"href":"https:\/\/ecsverissimo.com\/index.php\/wp-json\/wp\/v2\/media?parent=2"}],"curies":[{"name":"wp","href":"https:\/\/api.w.org\/{rel}","templated":true}]}}